 = t**3 - 26*t**2 + 85*t - 59. Let w be k(20). Let v = w + 1929. What is the tens digit of v?
7
What is the hundreds digit of 11/(88/232192) + -13 + 7?
0
What is the hundreds digit of -8 + 419078/44 + 6/(-4)?
5
Let j be ((-2)/4)/((-6)/84). Let f(w) = 3*w - 24. Let q be f(j). What is the units digit of (-916)/(-24) - q/(-18)?
8
Let g(d) be the third derivative of -59/60*d**6 + 1/12*d**4 + 0*d + 1/6*d**3 + 0 + 2*d**2 + 1/30*d**5. What is the tens digit of g(-1)?
1
Suppose 24186 = 2465*p - 2464*p. What is the hundreds digit of p?
1
Suppose -3*t - o = 168, 5*t + 4*o + 339 - 66 = 0. Let d = -48 - t. Suppose 0 = -13*w + d*w + 260. What is the units digit of w?
5
Suppose -783 = -14*l + 1443. What is the hundreds digit of l + (2 - 1)/(4/12)?
1
Suppose -69*f + f = -919811 - 7777. What is the ten thousands digit of f?
1
Let s(b) = -5*b - 20. Let q be s(-6). Let m be 5*(2/q)/(4 - 3). Let c(v) = 148*v + 3. What is the units digit of c(m)?
1
Suppose 155*u + 1675 = 180*u. Suppose -u*d = -64*d - 5730. What is the units digit of d?
0
Let s(q) = 928*q**2 + 25*q - 15. What is the hundreds digit of s(3)?
4
Let z(f) = -720*f**3 - 7*f**2 + 15*f - 22. Let r(x) = -361*x**3 - 3*x**2 + 7*x - 10. Let n(b) = -7*r(b) + 3*z(b). What is the tens digit of n(1)?
6
Suppose 0 = 5*l + 5, z - 9*l = 1894 + 3869. What is the units digit of z?
4
Suppose 5056 = 7*c - 1034. Suppose -6*o - c = -9*o. What is the units digit of o?
0
Suppose 5*l = -3*l. Suppose 2*k - 5*k + 153 = l. What is the units digit of 2/(-6) + 3485/k?
8
Suppose -2*o = -t - 1148, 1022 + 142 = 2*o + 3*t. What is the hundreds digit of o?
5
Suppose 28*m = -m + 2668. Let c = -46 + m. What is the tens digit of c?
4
Let j(f) = 26*f**3 + 4*f**2 + f - 7. Let w be j(2). Suppose 8*r = 581 + w. What is the tens digit of r?
0
Suppose 0 = 17*l - 324099 - 207695. What is the tens digit of l?
8
Let y(o) = o**3 - 11*o**2 + 5*o - 11. Let l(r) = -r**3 + 15*r**2 + 16*r + 13. Let m be l(16). What is the tens digit of y(m)?
9
Suppose 46901 = 4*j - 4*l + l, -2*l = -10. What is the hundreds digit of j?
7
Let o be 6/3 - (3 - 217). Suppose -10*q + 64 = -o. What is the tens digit of q?
2
Suppose 6*d + 858 = -1158. Let r = 817 + d. What is the tens digit of r?
8
Let b be 5 + (-1)/(-2)*-10. Suppose -j - 3*v + 118 = b, 0 = 4*j - 2*v - 372 - 142. What is the units digit of j?
7
Let c = 159 + -230. Let q = 104 + c. What is the units digit of q?
3
Let g(s) = 10*s**2 + 8*s + 2. Let u(q) = -10*q**2 - 9*q - 3. Let o = 17 + -12. Let a(d) = o*u(d) + 6*g(d). What is the tens digit of a(2)?
4
Suppose -2*p = -3*a + 19, 3*p = -a + 2*a - 18. Let o be (3292/(-12) + 7)*a/2. Let q = o + 601. What is the units digit of q?
0
Let l be (-2*6)/(-4) - -1. Suppose -4*k - 5*c + 101 = 0, -c - l*c - 91 = -4*k. Suppose 5*o + 3*o - k = 0. What is the units digit of o?
3
Let c = 8166 + -4267. What is the thousands digit of c?
3
Let j = -46541 + 102770. What is the units digit of j?
9
Suppose -3*z = -2*t - 25390, 2*z = 88*t - 92*t + 16932. What is the units digit of z?
4
Suppose 31*j - 36*j = -20. Suppose -j*k - 12 = 4*z, 0 = 2*z - 2*k + k. What is the tens digit of ((-4)/(32/(-36)))/(z/(-10))?
4
Suppose 56*r = 70*r - 54950. What is the hundreds digit of r?
9
Let h be (0/(-3) + 0)/(-2). Let t(g) = g + 3*g - 17 + 57 + 30 + 36. What is the hundreds digit of t(h)?
1
Let u = -11404 - -35521. What is the hundreds digit of u?
1
Let k = 12 - -31. Let y = k + -40. Let m(o) = 7*o**2 - 4*o + 11. What is the tens digit of m(y)?
6
Suppose -3*o = 2*p - 6*o - 29, 2*p - 5*o - 39 = 0. Suppose 22 = 5*n + p. Suppose -5*d = -i + 16, -n*i + 26 = i - d. What is the units digit of i?
6
Let m = 7590 + -3203. Suppose 0 = -5*i - n + m, 6*i + 4*n = i + 4378. What is the tens digit of i?
7
Let d(z) = 12*z - 23. Let l be d(3). Suppose l*q - 23*q + 9210 = 0. What is the tens digit of q?
2
Let l(z) = 3*z**2 + 26*z + 16. Let p be l(-8). Suppose p = h - 310 - 167. What is the units digit of h?
7
Suppose -135420 = -4*b + 4*x, 208*b + 5*x = 209*b - 33859. What is the ten thousands digit of b?
3
Let h(t) be the third derivative of -t**4/24 + 35*t**3/3 + 119*t**2. What is the units digit of h(10)?
0
Suppose 0 = 5*q - 3*f - 60274, -2*q + 0*f + f = -24110. Suppose -9*y + q = 13*y. What is the units digit of y?
8
Let v(l) = -23*l**3 - 92*l - 148. What is the units digit of v(-11)?
7
Let y be (40/(-15))/((-3)/18). Suppose 714 = -y*s + 23*s. What is the hundreds digit of s?
1
Let v(i) = -i**3 + 18*i**2 - 24*i - 75. What is the hundreds digit of v(14)?
3
Let t be ((-10)/(-15))/((-2)/(-51)). Suppose -376 = 15*s - t*s. Let y = s + -57. What is the tens digit of y?
3
Suppose 343*v - 322*v = 464625. What is the hundreds digit of v?
1
Let o(n) be the third derivative of -n**5/60 + 11*n**4/12 + 3*n**3/2 - 2*n**2. Suppose -q - 4794 + 4808 = 0. What is the hundreds digit of o(q)?
1
What is the thousands digit of 5974 + 8*(-2)/4 + 9 + -6?
5
Let f be (1 - -38) + 8/(2 + -4). Let z = -30 + f. What is the units digit of z?
5
Let n(c) = c**3 + 4*c**2 - 18*c + 1. Let s = 65 - 57. Let r be n(s). Suppose y - r = -4*y + 5*u, -675 = -5*y - 5*u. What is the hundreds digit of y?
1
Suppose -3*a - 10 = -16. Suppose r - 4*p = -14, 4*p + 4 = -4*r + 28. Suppose r*y + a*f - 156 = 0, -28 + 111 = y - 4*f. What is the units digit of y?
9
Suppose 3 = p, 2*m - 2566 - 693 = -5*p. Let n = -1154 + m. What is the hundreds digit of n?
4
Let o(j) = j + 43. Let t(m) = -2*m - 42. Let x(b) = 5*o(b) + 4*t(b). What is the tens digit of x(-10)?
7
Suppose -2*x + 2 = 6. Let i(y) be the first derivative of -5*y**2/2 + 2*y - 183. What is the units digit of i(x)?
2
Let x(v) = -7*v**3 - 6*v**2 + 24*v + 68. What is the ten thousands digit of x(-19)?
4
Let c(a) be the first derivative of 51*a**4/4 - 4*a**3/3 - 4*a**2 + 21*a + 22. What is the thousands digit of c(3)?
1
Let g(k) = -2*k**3 + 7*k**2 - 12*k - 8. Let w(d) = d**3 - d**2. Let i(y) = -g(y) - 4*w(y). Let u be i(-4). What is the tens digit of (1 + 3/3)*u?
8
Let j be (1080/(-140))/(2/(-56)). Suppose 2*w + d = w + 216, -d - j = -w. Suppose 4*h = -4*h + w. What is the tens digit of h?
2
Suppose 0 = 3*q - 5*a + 25, -3*a + 0 = 3*q - 15. Suppose q = -8*s - 3*s + 3443. What is the units digit of s?
3
Suppose -a - 2*s + 18 = 0, 2*s - 1 + 31 = 5*a. Let k(m) = -1 - 10 + 2 + 4*m. What is the units digit of k(a)?
3
Let v be 1 - (-5 - -104) - -5. Let j = v + 94. What is the units digit of j?
1
Let n be (-9)/(-18)*(6 + -1 + 1). Let x = -5 + 5. Suppose 4*l - t = -2*t + 776, x = 4*l + n*t - 768. What is the units digit of l?
5
Suppose 77*b - 73*b + 532 = 0. What is the tens digit of (1/(-7))/(-1) + (-11020)/b?
8
What is the thousands digit of 11075427/220 + 57/380?
0
What is the tens digit of (-2 + 7 - -2 - (-7288 + -19)) + 6?
2
Let o be (12/8 + -3)/(3/(-48)). Suppose -4*d = 2*l - 34, -3*d - 5*l = -4*l - o. What is the units digit of (900/(-42))/((-1)/d)?
0
Let f = 4272 + -1259. Let b = 4562 - f. What is the hundreds digit of b?
5
Let v be (-7 - 4/(-1)) + 9*3. Suppose v*a - 30 = 18*a. Suppose 3*r - r - 162 = a*y, -3*y = -2*r + 166. What is the units digit of r?
6
Let g be 2/(-4 + (-306)/(-75)). Let m(f) = 4*f + 89. What is the hundreds digit of m(g)?
1
Let q = -918 + 1239. Suppose 316*c + 6720 = q*c. What is the tens digit of c?
4
Suppose 2*y = -5*c + 100 - 14, -4*c + 5*y + 82 = 0. Let d = 309 + c. What is the hundreds digit of d?
3
Let b(n) = n**2 + 3*n - 5. Let i be b(5). Let t = -7611 + 7616. Let r = i + t. What is the units digit of r?
0
Let p = 34 - 46. Let g(n) = -4*n + 31 - 53 + 0*n. What is the units digit of g(p)?
6
Let n(y) = 2*y**2 - 13*y - 87. Let q be n(-8). Suppose 5013 = -136*j + q*j. What is the tens digit of j?
5
Let r(o) = o. Let n(c) = -4*c - 19. Let s(d) = -n(d) + r(d). Let z = -1975 + 1980. What is the units digit of s(z)?
4
Let h(o) = o**2 + 7*o + 9. Let f be h(-6). Suppose -11*v - 11*v - 39 - 5 = 0. Let l = v + f. What is the units digit of l?
1
Let x(p) = -p**2 - 12*p + 25. Let b be (-23)/46 - (-54)/(-4). Let m be x(b). What is the units digit of (1/m)/((4/1236)/(-1))?
3
Let j(q) = 2*q - 7 + 3*q - 6*q. Let f be j(-8). What is the units digit of (-4 - (-98 + 3)) + (f - 1)?
1
Let h(n) = 101*n**3 - 2*n**2 - n. Let r be h(-1). Let z = r + 39. Let u = z - -99. What is the units digit of u?
6
Let v be 